What is the units digit of m?
5
Suppose 4*f + 506 = -2*q, 0 = -3*q - f - 269 - 500. Let w = q - -395. What is the units digit of w?
8
Let v = -463 - -931. What is the hundreds digit of v?
4
Let h = 1751 + -669. What is the units digit of h?
2
Let l = -21 - -8. Let y = l - -14. What is the units digit of y/4 - 6/(-8)?
1
Let s = 11 + -12. Let h(j) = j**3 + 6*j**2 - j + 2. Let k be h(-6). Let r = k + s. What is the units digit of r?
7
Suppose 5*z - 471 = 2*t + 1110, 0 = 4*z + 5*t - 1278. What is the units digit of z?
7
Let h(q) = 35*q - 19. Let s be h(5). Let c = s - 30. What is the hundreds digit of c?
1
Let r be ((0/2)/(-3))/2. Suppose -2 = -2*i - r*i. What is the tens digit of (2/4)/(i/72)?
3
Suppose -31*g + 12*g = -29716. What is the tens digit of g?
6
Let b = 72 - 69. Suppose 17 = i - p + 3*p, -b*i + 101 = -4*p. What is the tens digit of i?
2
Let x(c) = c**3 + 14*c**2 - 17*c - 5. Let y be x(-15). Let b = -1 + 3. Suppose b = 3*i - y. What is the units digit of i?
9
Let r = -20 - -23. Suppose 4*g - r*z = 36 - 10, g - 4 = 2*z. What is the units digit of g?
8
Suppose 70*t - 91*t = -26817. What is the units digit of t?
7
Let u be (-1)/2 + (-708)/(-8). Suppose -h - v + 59 = h, 4*v + u = 4*h. Let k = h + -17. What is the tens digit of k?
1
Let u be -5 + 2 + 10/(-2). Let a = 12 + u. Suppose 5*i + 4 = a*h - 12, -5*h = -i - 41. What is the units digit of h?
9
Let x = 72 + -42. Let g = x - 27. What is the tens digit of (-310)/15*g/(-2)?
3
Let j(o) = o**3 - 2*o**2 - 5*o + 3. Let v(w) = -w**3 - 10*w**2 + 2*w + 3. Let s be v(-10). Let l = -13 - s. What is the units digit of j(l)?
5
Suppose 30 = 3*c - 3. What is the units digit of c?
1
What is the tens digit of 11/(-99) - (-9361)/9?
4
Let b = 12 - 6. Suppose -2 = b*l - 374. What is the units digit of l?
2
Let g be 4 + (-2)/(-3 + 4). Suppose -167 - 11 = -g*n. What is the tens digit of n?
8
Let v(x) = 169*x**2 - 5*x - 8. What is the units digit of v(-2)?
8
Suppose 12*f = 41*f - 1102. What is the units digit of f?
8
Suppose -4*f + 6*f - 96 = 0. Let t = 142 - f. What is the units digit of t?
4
Let p(r) = r**2 - 4*r + 12. Let m be p(8). Let j = m - 18. What is the units digit of j?
6
Suppose x - 2*p = 86 + 120, 3*p - 645 = -3*x. What is the hundreds digit of x?
2
Let o(j) = -59*j + 48. Let y(x) = 30*x - 23. Let f(k) = 3*o(k) + 5*y(k). What is the units digit of f(-8)?
5
Let o(x) = -x**2 - 63*x + 175. What is the thousands digit of o(-39)?
1
Let u(m) = 0 - 2 - 9*m**2 - 5 + 10*m**2 + 3*m. Let b be u(-5). Suppose -b*c - 26 + 77 = 0. What is the units digit of c?
7
Let h be (-1792)/(-5) + 24/40. Suppose -5*s + 1474 = h. What is the tens digit of s?
2
Let x be (-7 + 6)*10/(-2). Suppose -p - 14 = -2*u, x*u - 4*u = -p + 7. Suppose 99 = u*o - 4*o. What is the tens digit of o?
3
Let s(h) = -h**3 - 9*h**2 + 12*h + 14. Let m be s(-10). Suppose 5*z - 3*z = 2*c - 442, 875 = -4*z + c. What is the units digit of (-38)/(-57) + z/m?
7
Suppose -2*r = -9*r - 21. Let j = 35 + r. What is the units digit of j?
2
Let y(o) = -o**2 + o + 12. Let m be y(8). Let a = m - -84. What is the units digit of a?
0
Let c(d) = -d**2 - 6*d - 5. Let q be c(-5). Suppose -6*s + s - 25 = q, 3*t - 2*s - 208 = 0. What is the units digit of t?
6
Let f be 5/(-2)*(-90)/25. Let j be (-8)/(-2) + (5 - f). Suppose 2*b - 115 + 15 = j. What is the units digit of b?
0
Suppose f + 5*u = 403, 5*f - 1683 - 309 = -2*u. Let d = f + -149. What is the hundreds digit of d?
2
Let i(v) = 32*v**2 - 12*v + 30*v**2 - 83*v**2 + 23*v**2 + 22. What is the hundreds digit of i(-7)?
2
Let k(o) = 8*o**2 - 32*o - 62. What is the units digit of k(18)?
4
Suppose 40 = 7*f + 12. Suppose 2*g + 43 = 4*g - 5*p, 0 = -4*g - f*p + 16. What is the units digit of g?
9
Suppose -1488*q - 20817 = -1497*q. What is the thousands digit of q?
2
Let c(v) = 3*v**2 + 3*v + 5. Let g be c(4). Let b = -113 + g. Let p = b + 102. What is the units digit of p?
4
Suppose 4*n = -j + 7336, -2*n + 4*j = 7*j - 3668. What is the thousands digit of n?
1
Let m = -1 - -29. Let c be (48/28)/(8/m). Let x(r) = r**3 - 5*r**2 - r - 6. What is the tens digit of x(c)?
2
Let d(q) = 13*q + 9. Let a be d(9). Let r = a - 68. What is the tens digit of r?
5
Let x(w) = -w**3 + 2*w**2 + 3*w + 4. Let f be x(-2). Let o(y) = 3*y + 17. What is the tens digit of o(f)?
5
Suppose 2*h - 4 = 22. Suppose -5*r = -h*r + 1432. What is the hundreds digit of r?
1
Suppose 0 = 4*d - 2*y - 6, -5*d - y + 45 = 4*y. Suppose -d*g + 963 = 5*g. What is the hundreds digit of g?
1
Let w(g) = -g**3 + 6*g**2 + 8*g + 6. Let r be w(7). Let i = 22 - r. Let l = 10 - i. What is the units digit of l?
1
Let w be (-6441)/(-9) + 4/(-6). Suppose 0 = 4*a - w + 171. What is the hundreds digit of a?
1
Suppose -47*u = -18*u - 58725. What is the thousands digit of u?
2
Suppose m - 647 = -5*v, 3*m - 370 = -3*v + 23. What is the tens digit of v?
2
Suppose -5*i + 5 = -4*i. Suppose 2*s = -u + 9, -4*s + i*u + 9 = 4*u. Suppose s*z - 21 = 3*o, -5*o - 37 = -3*z - 8. What is the units digit of z?
3
What is the hundreds digit of (-5400)/(1 + -4) + (0 - 1)?
7
What is the hundreds digit of 1/(6/(-15)) - 16616/(-16)?
0
Suppose -b + 2 = -3*m, 0*b = m + b + 6. Let d(i) be the third derivative of i**5/12 - i**4/24 - i**3/6 - 2*i**2. What is the tens digit of d(m)?
2
Suppose x - 2*m = -42, x = 4*x - 2*m + 110. Let t(k) = 12*k + 15. Let n be t(-7). Let y = x - n. What is the tens digit of y?
3
Suppose 0 = -5*u - 3*t + 1914, 2*u - 15*t = -10*t + 747. What is the hundreds digit of u?
3
Let t be -1 + (1125 - (-1 + 2)). Suppose 0 = 2*v + t - 367. What is the tens digit of v/(-22) + 20/(-110)?
1
Let z = 340 - 273. What is the units digit of z?
7
Suppose 0 = -4*w + 3*w. Suppose 0*l + l - 3*c + 2 = w, c - 2 = 0. Suppose -56 = -y + l*x - 0, 0 = 5*x - 5. What is the units digit of y?
0
Let c(n) = n + 6. Let x be c(-11). Let t = -1 - x. What is the tens digit of 9/(-36) + 77/t?
1
Let x = -14 - -17. Let g be 4*1/2 + x. Suppose -20 = -2*a - 5*k, g*a + 0*k - 2*k - 50 = 0. What is the units digit of a?
0
Suppose 0 = -3*h - 31 + 100. Let f = h - 4. Let v = f + 9. What is the units digit of v?
8
Suppose -50 = -2*j + 6. Suppose -4*s + 248 = j. What is the tens digit of s?
5
Let z = 7 + -7. Let b be (z - 4)*(-78)/(-8). Let t = b + 65. What is the units digit of t?
6
Suppose 0 = u + 4*f - 1767, -5*u + 8791 = 13*f - 15*f. What is the thousands digit of u?
1
Suppose 3*b + 39 + 3 = 0. Let y = -12 - b. Suppose 5*j + y*a = 34, 2*a - 15 = -3*j + 3. What is the units digit of j?
8
What is the thousands digit of 189630/110 + 5/55?
1
Suppose 5*c = 116 + 2749. What is the units digit of c?
3
Suppose 4*o - 14 = c, -5*c - 16 = 2*o - 4*o. Let z(q) = -2 + o + 2*q - 6*q + 0*q. What is the units digit of z(-3)?
3
What is the units digit of 2/(-2) + 295 + -4?
0
Suppose 368 = 4*z + y, z - 39 = -3*y + 53. What is the tens digit of z?
9
Let o(q) = -13*q - 10. Let l(y) = 25*y + 19. Let v(r) = 2*l(r) + 5*o(r). What is the units digit of v(-5)?
3
Suppose -5*c + 303 = -592. What is the tens digit of c?
7
Let y(n) = 3*n + 10. Let t be y(-4). Let h be (2/6*0)/t. What is the units digit of (3/(-2) - h)*-16?
4
Suppose -33*j - 10616 = -74042. What is the tens digit of j?
2
Let c(m) = 2*m**2 + 7*m - 13. Let r be c(6). What is the hundreds digit of 1*(r - (-2 - (-5 - -3)))?
1
Let x(l) = -l**3 + 7*l**2 - 4*l - 8. Let i be x(6). Let w = 54 + i. Suppose 4*t - w = -3*h, 3*t - 2*t + 53 = 3*h. What is the units digit of h?
8
What is the units digit of (-1263)/(-2) - 20/8?
9
Let a(k) = -k**3 + 37*k**2 - 73*k + 56. What is the tens digit of a(34)?
4
Let s = -7 - -8. What is the tens digit of (-2 + (-11 - s))/(-1)?
1
Let n(m) = -m - 6. Let v be n(-2). Let j(u) = -3*u**3 - 2*u**2 + 7*u + 2. What is the units digit of j(v)?
4
What is the hundreds digit of (-4772)/(-6) + 2 + 20/(-15)?
7
What is the units digit of (-1405)/(5/(1 - 6))?
5
Suppose 0*o + 2 = 4*o - 5*n, 5*n = -2*o + 16. Let m be (-4)/(-12)*o*1. What is the units digit of 17 - (0 - 2/m)?
9
Suppose -r = -5*c - 12, 5*r - 3*r - 4*c - 12 = 0. Suppose 10 = 4*i - r*i, 2*i = 3*t - 35. What is the tens digit of t?
1
Let u(f) = -6*f**3 + 2*f**2 + 2*f + 1. Let s be u(-1). Suppose 4*j = s*j - 219. What is the tens digit of j?
7
Let d(o) = 5*o**2 + 3*o - 2. Let q be d(4). Suppose 5*l = 8*l - q. Suppose 